of 38776?
2, 37, 131
What are the prime factors of 261?
3, 29
List the prime factors of 150127.
17, 8831
What are the prime factors of 2527?
7, 19
What are the prime factors of 34451?
47, 733
List the prime factors of 750.
2, 3, 5
List the prime factors of 4940.
2, 5, 13, 19
List the prime factors of 1462.
2, 17, 43
What are the prime factors of 59106?
2, 3, 9851
List the prime factors of 19673.
103, 191
List the prime factors of 3434.
2, 17, 101
What are the prime factors of 1870?
2, 5, 11, 17
List the prime factors of 58885.
5, 11777
List the prime factors of 5747.
7, 821
List the prime factors of 2445.
3, 5, 163
What are the prime factors of 1943?
29, 67
List the prime factors of 18053.
7, 2579
List the prime factors of 1003.
17, 59
What are the prime factors of 177049?
47, 3767
What are the prime factors of 2296?
2, 7, 41
What are the prime factors of 25374?
2, 3, 4229
What are the prime factors of 21785?
5, 4357
What are the prime factors of 2702?
2, 7, 193
What are the prime factors of 4248?
2, 3, 59
List the prime factors of 373.
373
List the prime factors of 15277.
15277
What are the prime factors of 2615?
5, 523
List the prime factors of 52348.
2, 23, 569
List the prime factors of 7137.
3, 13, 61
List the prime factors of 14130.
2, 3, 5, 157
List the prime factors of 7882.
2, 7, 563
List the prime factors of 1567.
1567
What are the prime factors of 21199?
17, 29, 43
List the prime factors of 4009.
19, 211
What are the prime factors of 11192?
2, 1399
List the prime factors of 29771.
7, 4253
List the prime factors of 26672.
2, 1667
What are the prime factors of 195?
3, 5, 13
What are the prime factors of 67914?
2, 3, 7, 11
List the prime factors of 1276.
2, 11, 29
What are the prime factors of 1854?
2, 3, 103
What are the prime factors of 42117?
3, 101, 139
What are the prime factors of 896?
2, 7
List the prime factors of 2299.
11, 19
List the prime factors of 17976.
2, 3, 7, 107
List the prime factors of 1212.
2, 3, 101
List the prime factors of 7946.
2, 29, 137
What are the prime factors of 176995?
5, 7, 13, 389
List the prime factors of 793.
13, 61
List the prime factors of 20235.
3, 5, 19, 71
What are the prime factors of 1030?
2, 5, 103
What are the prime factors of 135335?
5, 27067
What are the prime factors of 820?
2, 5, 41
What are the prime factors of 1282?
2, 641
What are the prime factors of 5506?
2, 2753
List the prime factors of 154.
2, 7, 11
List the prime factors of 25027.
29, 863
List the prime factors of 16691.
16691
What are the prime factors of 15853?
83, 191
List the prime factors of 24217.
61, 397
List the prime factors of 455.
5, 7, 13
List the prime factors of 112861.
7, 23, 701
What are the prime factors of 7889?
7, 23
List the prime factors of 42640.
2, 5, 13, 41
What are the prime factors of 569?
569
What are the prime factors of 167872?
2, 43, 61
What are the prime factors of 8368?
2, 523
What are the prime factors of 18943?
19, 997
List the prime factors of 23138.
2, 23, 503
What are the prime factors of 7537?
7537
What are the prime factors of 9817?
9817
What are the prime factors of 1191?
3, 397
List the prime factors of 3128.
2, 17, 23
What are the prime factors of 5318?
2, 2659
What are the prime factors of 82089?
3, 7, 1303
List the prime factors of 266.
2, 7, 19
What are the prime factors of 53264?
2, 3329
List the prime factors of 155764.
2, 7, 5563
What are the prime factors of 2163?
3, 7, 103
What are the prime factors of 1598?
2, 17, 47
What are the prime factors of 5967?
3, 13, 17
What are the prime factors of 97006?
2, 7, 13, 41
What are the prime factors of 19305?
3, 5, 11, 13
List the prime factors of 1006.
2, 503
List the prime factors of 124709.
13, 53, 181
What are the prime factors of 41693?
173, 241
What are the prime factors of 9264?
2, 3, 193
What are the prime factors of 3166?
2, 1583
What are the prime factors of 1853?
17, 109
List the prime factors of 36325.
5, 1453
List the prime factors of 14515.
5, 2903
List the prime factors of 123899.
19, 6521
What are the prime factors of 4245?
3, 5, 283
List the prime factors of 2062.
2, 1031
List the prime factors of 1427.
1427
What are the prime factors of 502?
2, 251
What are the prime factors of 59453?
59453
What are the prime factors of 8109?
3, 17, 53
List the prime factors of 1126.
2, 563
List the prime factors of 371.
7, 53
List the prime factors of 19656.
2, 3, 7, 13
What are the prime factors of 31438?
2, 11, 1429
List the prime factors of 16958.
2, 61, 139
List the prime factors of 412.
2, 103
List the prime factors of 11949.
3, 7, 569
What are the prime factors of 64574?
2, 83, 389
List the prime factors of 3082.
2, 23, 67
What are the prime factors of 2466?
2, 3, 137
What are the prime factors of 2343?
3, 11, 71
List the prime factors of 499.
499
List the prime factors of 8559.
3, 317
List the prime factors of 162338.
2, 11, 47, 157
List the prime factors of 38429.
83, 463
What are the prime factors of 12038?
2, 13, 463
List the prime factors of 84782.
2, 42391
List the prime factors of 756.
2, 3, 7
What are the prime factors of 29703?
3, 9901
What are the prime factors of 1887?
3, 17, 37
What are the prime factors of 25494?
2, 3, 7, 607
What are the prime factors of 2459?
2459
What are the prime factors of 5691?
3, 7, 271
What are the prime factors of 678?
2, 3, 113
What are the prime factors of 11845?
5, 23, 103
What are the prime factors of 80143?
7, 107
List the prime factors of 1808.
2, 113
What are the prime factors of 1058?
2, 23
List the prime factors of 18560.
2, 5, 29
What are the prime factors of 3094?
2, 7, 13, 17
What are the prime factors of 12599?
43, 293
What are the prime factors of 29809?
13, 2293
List the prime factors of 2399.
2399
What are the prime factors of 8821?
8821
List the prime factors of 6897.
3, 11, 19
List the prime factors of 30361.
97, 313
What are the prime factors of 58210?
2, 5, 5821
List the prime factors of 1269.
3, 47
What are the prime factors of 70262?
2, 19, 43
List the prime factors of 177562.
2, 7, 11, 1153
List the prime factors of 1013.
1013
List the prime factors of 88432.
2, 5527
What are the prime factors of 74276?
2, 31, 599
What are the prime factors of 49082?
2, 11, 23, 97
What are the prime factors of 7955?
5, 37, 43
What are the prime factors of 25699?
31, 829
What are the prime factors of 85329?
3, 19, 499
List the prime factors of 1592.
2, 199
List the prime factors of 126258.
2, 3, 11, 1913
What are the prime factors of 61317?
3, 757
What are the prime factors of 929?
929
List the prime factors of 6067.
6067
What are the prime factors of 787?
787
List the prime factors of 15886.
2, 13, 47
List the prime factors of 86504.
2, 11, 983
List the prime factors of 898.
2, 449
What are the prime factors of 8136?
2, 3, 113
What are the prime factors of 937?
937
List the prime factors of 3398.
2, 1699
List the prime factors of 4011.
3, 7, 191
What are the prime factors of 131039?
59, 2221
What are the prime factors of 636?
2, 3, 53
What are the prime factors of 24144?
2, 3, 503
List the prime factors of 17366.
2, 19, 457
What are the prime factors of 12246?
2, 3, 13, 157
What are the prime factors of 7084?
2, 7, 11, 23
List the prime factors of 1048.
2, 131
List the prime factors of 1401.
3, 467
What are the prime factors of 4242?
2, 3, 7, 101
List the prime factors of 103679.
199, 521
What are the prime factors of 4714?
2, 2357
List the prime factors of 25379.
41, 619
What are the prime factors of 2837?
2837
What are the prime factors of 148?
2, 37
What are the prime factors of 33398?
2, 16699
List the prime factors of 56761.
31, 1831
What are the prime factors of 16502?
2, 37, 223
What are the prime factors of 73?
73
What are the prime factors of 230?
2, 5, 23
What are the prime factors of 2058?
2, 3, 7
List the prime factors of 7888.
2, 17, 29
What are the prime factors of 496?
2, 31
What are the prime factors of 145?
5, 29
What are the prime factors of 52920?
2, 3, 5, 7
What are the prime factors of 4566?
2, 3, 761
List the prime factors of 915.
3, 5, 61
List the prime factors of 684.
2, 3, 19
List the prime factors of 18539.
18539
List the prime factors of 5178.
2, 3, 863
What are the prime factors of 4837?
7, 691
List the prime factors of 17045.
5, 7, 487
List the prime fact